te (2 - 1) + (6 - 7).
0
What is 0 + -2 - (1 - (3 + -2))?
-2
0 - -3 - 7 - (-2 + -1)
-1
What is the value of 12 - (12 - (11 + -6))?
5
Evaluate 1 + -11 - (-5 + 1).
-6
Calculate 2 + 1 - (-1 - -1).
3
Evaluate (11 - (12 - 9)) + 0 + -5.
3
What is the value of -7 - (-10 - -13) - -13?
3
Calculate 2 + (0 + (5 - 3) - 1).
3
-6 + (8 - 4) + (0 - -2)
0
-2 + (3 - 2 - 1)
-2
Calculate -3 + 8 + -3 - (4 + -1).
-1
Calculate 10 + -5 + -5 - 2.
-2
-16 + (17 - 6) - -5
0
What is the value of 0 + -2 + 5 + -9 + 6?
0
(13 - (28 - 1)) + 5
-9
What is -3 - ((4 - 6) + 10 + -6)?
-5
Calculate -7 + 14 + (-1 - 1 - 3).
2
What is the value of (-13 - (5 - 13 - -2)) + 4?
-3
Evaluate -11 + 3 + -6 + 9.
-5
Evaluate -2 + -7 + 3 + 1.
-5
-5 - -7 - (3 - 5)
4
Evaluate -2 - (1 - -2 - 0) - -4.
-1
What is the value of -9 - (-4 - 1 - -1 - 2)?
-3
Calculate 14 + (-11 - -3) + 0.
6
What is (-2 - -4) + 2 + -3 + 3?
4
What is the value of (10 - 10) + -4 + 12?
8
(-7 - -2) + 3 + 8
6
Evaluate (12 - 13) + -4 + (-1 - 0).
-6
0 - ((1 - -5) + 6 + -6)
-6
What is (-3 - -1) + (2 - -4) + -7?
-3
What is 61 - 58 - (3 - -2)?
-2
(-2 - -1) + (-4 - 1)
-6
-6 + 13 + 0 - 5
2
What is the value of 0 + 9 + (33 - 39)?
3
What is -9 - -14 - (7 + 2)?
-4
Calculate (-2 - -3) + -2 + 6.
5
4 - (0 + (-11 + 6 - -4))
5
What is -1 + 0 + -11 + 12?
0
What is -8 + 4 + 6 + 4?
6
What is -5 + 3 + 1 + 0 - -4?
3
(-10 - -6) + -8 - -9
-3
Calculate 0 + (-4 - (2 - (-2 - -4))).
-4
What is -21 - (-17 + 0) - (1 - 3)?
-2
What is the value of 6 + (2 - 10) + 5 + -6?
-3
What is the value of (-4 - (1 - 4)) + 0 + 3?
2
Calculate -3 + (1 - 3) + 5.
0
Calculate -10 + 25 + -7 - 3.
5
What is 6 - (4 - -7) - -9 - 12?
-8
-1 + 6 + -1 + -6
-2
What is the value of 9 + (-5 + -6 - 2)?
-4
What is the value of (8 + (0 - 2) - 1) + -3?
2
What is the value of 4 - (-2 + 5) - (-5 + 3)?
3
Evaluate -9 - -7 - 9 - -15.
4
Evaluate 1 + -2 + 0 - -5.
4
What is the value of -11 + 7 + (5 - 1)?
0
2 - (3 - 6 - 0)
5
What is the value of -4 + 2 + 0 + (4 - 5)?
-3
What is -8 - ((5 - 9) + 2)?
-6
Calculate 2 - (10 + (-11 - -6)).
-3
What is the value of -3 - (-6 - -2 - 2)?
3
Calculate -7 + (18 - 7) + -2.
2
What is -9 - (-1 - (1 + -3 - -5))?
-5
Evaluate (-10 - -6) + (16 - 8).
4
What is -2 + 4 + -1 + (0 - -4)?
5
What is -9 - (3 + -9 - (-5 + 2))?
-6
Calculate -5 + 10 - 6 - 0.
-1
What is the value of (1 - 1) + -1 + (-11 - -8)?
-4
Evaluate -1 + -3 + (30 - (-3 + 19)).
10
What is the value of -1 + (5 - 3) + (0 - -2)?
3
1 - (-3 + 4 + -2 + 2)
0
Calculate -9 + (6 + -3 - -3).
-3
Calculate 1 - (5 + -3 + -5 + 6).
-2
Evaluate (2 - 2) + -1 + -1 + -2.
-4
What is the value of 2 + -8 - (0 + (2 - 3))?
-5
(-2 - -2) + -5 + 3
-2
-2 + 5 + 5 + -3
5
What is -8 + 10 - (1 + (-2 - 1))?
4
1 - (-6 + -7 + 9)
5
What is the value of -25 - -22 - (-7 + -1)?
5
What is -9 + 7 + 7 + -11?
-6
-1 + (2 + -3 - -3) + 4
5
What is the value of 0 + 4 + -6 + 0?
-2
Calculate 2 + 8 + -3 + -1 + -2.
4
(0 - 0) + 0 + 2 + -3
-1
Evaluate -1 - (-1 + (-3 - -2) - 1).
2
4 - ((-4 - 0) + 9 + -3)
2
What is 13 - (5 - -1) - 3?
4
Evaluate (-4 - (-3 + -2)) + -1.
0
-5 - (3 + -7 + -5)
4
What is the value of (-4 - -2) + 2 + (-26 - -29)?
3
What is the value of -6 + 3 + (7 - (2 + 3))?
-1
What is 15 - (14 - 2) - (1 - 1)?
3
What is 1 + (-5 - (-5 + -1))?
2
(2 + 2 - 1) + (0 - -1)
4
What is (-36 - -23 - -18) + (1 - -1)?
7
What is 0 - (4 + (1 - -2) + -6)?
-1
What is the value of -3 + 4 + 4 + -1?
4
What is the value of 2 + -7 + 1 + 0 - -8?
4
What is (-2 - -1) + -1 + 4?
2
-5 + 8 - -5 - 5
3
What is -10 + 1 + 4 - 0?
-5
Evaluate 3 + 9 - 10 - 1.
1
Calculate -6 + (4 - 3) + 1.
-4
-6 - (-19 + 13 + -3)
3
What is (4 - -3) + (9 - 22)?
-6
Calculate -1 - -2 - (0 + 3 - 1).
-1
Calculate 14 - 14 - (-6 + 1).
5
What is 6 - (8 - (8 - 3))?
3
Evaluate -3 + 4 - (-5 - (1 - 2)).
5
Calculate -1 + (2 - -2 - 3).
0
Evaluate (6 - (6 - 1 - 6)) + -5.
2
What is 8 + -9 + (12 - 3)?
8
What is (-2 + 0 - 1) + -1 + 2?
-2
Calculate 17 + -13 + (3 - 13).
-6
What is -3 + -1 + 6 + -6?
-4
What is the value of -5 + 5 + 0 + -1?
-1
What is 0 + (-8 + 4 - -7 - -3)?
6
Evaluate 3 + -7 + 3 + -1.
-2
What is -7 + 0 - (-4 + -1)?
-2
(-5 - 0) + (-6 - -5 - 0)
-6
0 + (0 - (2 - 1)) + 0
-1
What is the value of -3 + 9 + (-5 - -1)?
2
Evaluate -10 + 0 + 4 + -3 - -4.
-5
What is the value of -1 + 8 + (51 - 49)?
9
Evaluate (-1 - (7 - 3 - 3)) + -2.
-4
Evaluate (15 - 17) + (-2 - 0).
-4
What is the value of 4 + 1 + -1 + -3?
1
Calculate -6 - (-6 + (-4 - -11) + -4).
-3
-4 - ((-4 - 2) + 6)
-4
Evaluate -2 + 2 + 4 - 2.
2
What is -4 - 8 - -8 - -8?
4
Evaluate -5 - (4 - 5) - (-1 - 1).
-2
Calculate -8 - (-1 - -2) - -4.
-5
Evaluate -8 + (2 - -1) + (0 - -4).
-1
What is the value of -6 + -3 + -4 - -6?
-7
-2 + 1 - (111 + -109)
-3
Evaluate 1 - (1 + 5 - 3).
-2
What is 0 - (-2 - -5) - (2 - 0)?
-5
0 - (0 + (3 - 4) - -4)
-3
Evaluate 3 + 1 - (-12 - -20).
-4
What is 1 - 0 - 5 - (-33 - -29)?
0
What is -10 - (2 - (5 - -5))?
-2
Evaluate 6 + -3 + -2 - -1 - -3.
5
What is -4 + 8 - (20 - 12)?
-4
1 + -7 - (-40 + (-3 - -30))
7
Calculate 2 + 1 + 0 + 1 + -1.
3
Calculate -6 + -6 + 8 + 6.
2
What is the value of 82 - 95 - (-23 + 2)?
8
Evaluate 4 + 0 + 4 + -2.
6
Calculate -1 + (0 - (-2 - -5)) + -1.
-5
11 + -4 + 12 + -22
-3
What is the value of (14 - 4 - 10) + -6?
-6
What is -11 - -8 - (0 + -4) - 3?
-2
Evaluate (4 - 4) + -3 + -4 + -2.
-9
What is 0 + 2 + -4 - (5 + -2)?
-5
(1 - (-8 - -5 - -3)) + -2
-1
0 - (3 + (1 - 4) - 2)
2
What is (10 - 10) + -12 - (-5 + -1)?
-6
Calculate (-64 - -57) + 2 + 10.
5
What is -1 + 1 - (-12 + 2 + 4)?
6
Calculate -5 - 1 - ((-6 - -30) + -21).
-9
What is the value of 1 - (-2 + (2 - 1) + -2)?
4
-1 + -1 - (6 + 4 - 15)
3
Evaluate (0 - 8) + 2 - -8.
2
Evaluate 5 - (7 - (1 - 1)).
-2
Evaluate (-50 - -37) + 14 + 4.
5
Evaluate (1 - 8) + (3 - 1 - -2).
-3
Evaluate -4 + 2 + -1 + 5.
2
What is the value of -2 - (1 + 1 - 4) - -2?
2
What is -25 - -32 - (-1 - -7)?
1
What is the value of 3 + (6 - 6) - 3?
0
What is the value of 7 - 6 - 6 - -11 - -3?
9
Calculate -6 + 1 + -41 + 47 - 0.
1
Calculate 1 - ((-4 - -3) + 0).
2
What is the value of 3 + -4 + -2 + 5 + -4?
-2
What is the value of 17 + -14 + 1 + 4?
8
What is the value of -1 + 1 - (-47 + 48)?
-1
What is -5 + (-3 - (4 + -1 + -9))?
-2
-1 - (5 - 3) - -5 - 3
-1
Calculate -3 + 7 + -2 - 2.
0
What is the value of -3 - (0 + 6 + -3)?
-6
Evaluate -2 + 3 + -2 + -4.
-5
What is (-3 - 2 - -3) + (6 - 2)?
2
Evaluate 9 - (7 + -1) - (10 + -1).
-6
Evaluate 2 - (0 - -4) - (147 + -141).
-8
Calculate 2 + (-2 - -4) + (0 - 0).
4
What is 0 + 9 + -1 + -2 - 4?
2
Evaluate -1 - -2 - (-5 + 9) - -5.
2
14 + -7 + -4 - 3
0
Calculate (-5 - -1) + -4 + 9.
1
Evaluate (5 - 1) + (18 - 21).
1
Calculate 14 - (11 - (-2 + (2 - -7))).
10
What is the value of -4 + 0 + 1 + 1?
-2
What is -2 + (8 - -3 - 3)?
6
-8 + 2 + 8 + -3
-1
0 + -4 + -13 + 16
-1
What is 5 + -1 + (13 - (5 + 11))?
1
What is the value of -10 + 26 + 1 + -9?
8
What is the value of 0 - -1 - (-6 - -11)?
-4
Evaluate (4 - -8 - 6) + -12.
-6
Evaluate 4 + -2 - (10 + -4).
-4
Calculate 7 + (1 + -17 - (-13 - -12)).
-8
0 + -1 + 0 + -2 + -2
-5
(5 - 6) + 7 + -5
1
6 + (-2 - 5) + -3 - -2
-2
What is the value of 3 + -10 + -1 + 8 + -5?
-5
What is the value of 0 - (4 - -6) - -6?
-4
0 + -4 - 5 - (-7 + 2)
-4
What is the value of (-86 - -91) + (-10 - -1)?
-4
Evaluate (94 - 91) + (-1 + 0 - 5).
-3
What is the value of 0 + 0 - (-7 - (21 + -18))?
10
What is the value of -7 - (-5 + 3 + -1)?
-4
What is the value of 6 + (-1 + 0 - (3 + -3))?
5
What is the value of -14 - -14 - ((-9 - -4) + 5)?
0
Calculate 0 - (0 - (-4 + -1 - 0)).
-5
What is 1 - (-4 + (6 - 1) - -5)?
-5
Calculate 9 - ((-5 - (-5 + 6)) + 7).
8
Calculate 5 + 3 + -1 + -3 + -1.
3
8 - 11 - (-1 + 0 + -6)
4
Calculate -4 + 3 + 0 - -6.
5
What is 4 + (6 - 1) + -5?
4
What is the value of -4 - 1 - -1 - (1 - 5)?
0
What is (5 - (1 - -2)) + -4?
-2
What is the value of 5 + (0 + 1 - (-16 + 20))?
2
What is the value of (-3 - (0 - 3) - 3) + 1?
-2
8 - (-3 + 8 - 2)
5
What is 0 + (2 + -1 + 6 - 9)?
-2
1 + 0 + -6 + 103 + -100
-2
What is 2 + -4 - 1 - -4?
1
Calculate 0 + 1 + -1 + (5 - 1).
4
What is 4 + (4 - 7) + -3?
-2
What is the value of (-6 - -11) + -11 + 7?
1
What is the value of -4 + -3 + (5 - -5) + -9?
-6
What is the value of 5 + (-1 + -7 + 5 - 4)?
-2
Evaluate 7 + -8 + 5 + -1.
3
Evaluate (-9 - 0) + -22 + 39.
8
Evaluate 1 - -6 - (8 + (-2 - 1)).
2
What is the value of 5 + -13 + 5 - -5?
2
(